of 22917.
3, 7639
List the prime factors of 3810.
2, 3, 5, 127
List the prime factors of 2294.
2, 31, 37
What are the prime factors of 955?
5, 191
What are the prime factors of 72890?
2, 5, 37, 197
List the prime factors of 129812.
2, 17, 23, 83
List the prime factors of 3932.
2, 983
What are the prime factors of 1800?
2, 3, 5
What are the prime factors of 9685?
5, 13, 149
List the prime factors of 18407.
79, 233
What are the prime factors of 93653?
7, 17, 787
What are the prime factors of 76211?
17, 4483
What are the prime factors of 21098?
2, 7, 11, 137
What are the prime factors of 865?
5, 173
List the prime factors of 9993.
3, 3331
List the prime factors of 16525.
5, 661
List the prime factors of 5524.
2, 1381
List the prime factors of 30728.
2, 23, 167
What are the prime factors of 1573?
11, 13
What are the prime factors of 13659?
3, 29, 157
List the prime factors of 5468.
2, 1367
List the prime factors of 814.
2, 11, 37
What are the prime factors of 13072?
2, 19, 43
List the prime factors of 798.
2, 3, 7, 19
List the prime factors of 91508.
2, 22877
List the prime factors of 98.
2, 7
List the prime factors of 9565.
5, 1913
What are the prime factors of 1336?
2, 167
What are the prime factors of 3845?
5, 769
List the prime factors of 189.
3, 7
List the prime factors of 4319.
7, 617
List the prime factors of 32069.
32069
What are the prime factors of 18026?
2, 9013
List the prime factors of 17740.
2, 5, 887
What are the prime factors of 6499?
67, 97
List the prime factors of 1839.
3, 613
List the prime factors of 6117.
3, 2039
List the prime factors of 2045.
5, 409
What are the prime factors of 1094?
2, 547
What are the prime factors of 51293?
11, 4663
List the prime factors of 1225.
5, 7
What are the prime factors of 4316?
2, 13, 83
List the prime factors of 2586.
2, 3, 431
List the prime factors of 123277.
7, 11, 1601
What are the prime factors of 171?
3, 19
What are the prime factors of 452?
2, 113
List the prime factors of 730.
2, 5, 73
What are the prime factors of 29533?
7, 4219
List the prime factors of 83636.
2, 7, 29, 103
What are the prime factors of 100733?
100733
List the prime factors of 24547.
24547
List the prime factors of 2469.
3, 823
What are the prime factors of 1105?
5, 13, 17
List the prime factors of 1970.
2, 5, 197
What are the prime factors of 1277?
1277
List the prime factors of 956.
2, 239
List the prime factors of 590.
2, 5, 59
What are the prime factors of 32831?
32831
What are the prime factors of 14492?
2, 3623
List the prime factors of 2182.
2, 1091
List the prime factors of 50511.
3, 113, 149
What are the prime factors of 1810?
2, 5, 181
List the prime factors of 12055.
5, 2411
List the prime factors of 51767.
51767
List the prime factors of 897.
3, 13, 23
List the prime factors of 21.
3, 7
What are the prime factors of 607?
607
What are the prime factors of 1561?
7, 223
What are the prime factors of 66682?
2, 7, 11, 433
What are the prime factors of 3052?
2, 7, 109
List the prime factors of 5488.
2, 7
What are the prime factors of 23867?
29, 823
List the prime factors of 6957.
3, 773
List the prime factors of 1680.
2, 3, 5, 7
What are the prime factors of 84600?
2, 3, 5, 47
List the prime factors of 20008.
2, 41, 61
List the prime factors of 727.
727
What are the prime factors of 1791?
3, 199
What are the prime factors of 3586?
2, 11, 163
List the prime factors of 102472.
2, 12809
What are the prime factors of 60445?
5, 7, 11, 157
What are the prime factors of 18962?
2, 19, 499
What are the prime factors of 1133?
11, 103
List the prime factors of 1282.
2, 641
What are the prime factors of 28758?
2, 3, 4793
What are the prime factors of 986?
2, 17, 29
What are the prime factors of 18057?
3, 13, 463
List the prime factors of 20513.
73, 281
What are the prime factors of 18637?
18637
List the prime factors of 3132.
2, 3, 29
What are the prime factors of 22476?
2, 3, 1873
List the prime factors of 59044.
2, 29, 509
List the prime factors of 31685.
5, 6337
What are the prime factors of 47?
47
List the prime factors of 2597.
7, 53
What are the prime factors of 9425?
5, 13, 29
List the prime factors of 179472.
2, 3, 3739
List the prime factors of 3532.
2, 883
What are the prime factors of 5033?
7, 719
List the prime factors of 49793.
17, 29, 101
What are the prime factors of 34482?
2, 3, 7, 821
List the prime factors of 12571.
13, 967
List the prime factors of 59.
59
List the prime factors of 35.
5, 7
List the prime factors of 38058.
2, 3, 6343
What are the prime factors of 911?
911
What are the prime factors of 14105?
5, 7, 13, 31
What are the prime factors of 6190?
2, 5, 619
What are the prime factors of 4801?
4801
What are the prime factors of 18134?
2, 9067
What are the prime factors of 558?
2, 3, 31
List the prime factors of 26656.
2, 7, 17
List the prime factors of 1288.
2, 7, 23
What are the prime factors of 32262?
2, 3, 19, 283
What are the prime factors of 13247?
13, 1019
List the prime factors of 76463.
76463
List the prime factors of 3028.
2, 757
List the prime factors of 1449.
3, 7, 23
List the prime factors of 3317.
31, 107
List the prime factors of 1581.
3, 17, 31
What are the prime factors of 9035?
5, 13, 139
List the prime factors of 23138.
2, 23, 503
List the prime factors of 21192.
2, 3, 883
List the prime factors of 77001.
3, 25667
What are the prime factors of 117197?
163, 719
List the prime factors of 7515.
3, 5, 167
What are the prime factors of 134210?
2, 5, 13421
List the prime factors of 150.
2, 3, 5
List the prime factors of 136376.
2, 17047
What are the prime factors of 4219?
4219
List the prime factors of 31106.
2, 103, 151
What are the prime factors of 592?
2, 37
List the prime factors of 8865.
3, 5, 197
What are the prime factors of 32608?
2, 1019
What are the prime factors of 4871?
4871
List the prime factors of 6839.
7, 977
List the prime factors of 1349.
19, 71
What are the prime factors of 1743?
3, 7, 83
List the prime factors of 25617.
3, 8539
List the prime factors of 1175.
5, 47
What are the prime factors of 790?
2, 5, 79
List the prime factors of 143127.
3, 19, 31
What are the prime factors of 13308?
2, 3, 1109
List the prime factors of 188932.
2, 149, 317
What are the prime factors of 9122?
2, 4561
List the prime factors of 6311.
6311
List the prime factors of 7806.
2, 3, 1301
What are the prime factors of 20224?
2, 79
List the prime factors of 4184.
2, 523
List the prime factors of 14515.
5, 2903
What are the prime factors of 111382?
2, 55691
What are the prime factors of 4102?
2, 7, 293
List the prime factors of 1304.
2, 163
List the prime factors of 45628.
2, 11, 17, 61
What are the prime factors of 61?
61
What are the prime factors of 120505?
5, 7, 11, 313
What are the prime factors of 8378?
2, 59, 71
What are the prime factors of 2005?
5, 401
List the prime factors of 1181.
1181
List the prime factors of 18818.
2, 97
What are the prime factors of 863?
863
What are the prime factors of 19594?
2, 97, 101
What are the prime factors of 942?
2, 3, 157
What are the prime factors of 10835?
5, 11, 197
What are the prime factors of 34596?
2, 3, 31
What are the prime factors of 7474?
2, 37, 101
What are the prime factors of 1480?
2, 5, 37
What are the prime factors of 18234?
2, 3, 1013
What are the prime factors of 8739?
3, 971
List the prime factors of 2883.
3, 31
What are the prime factors of 10984?
2, 1373
What are the prime factors of 6134?
2, 3067
List the prime factors of 40052.
2, 17, 19, 31
What are the prime factors of 108194?
2, 47, 1151
What are the prime factors of 49253?
49253
List the prime factors of 1711.
29, 59
List the prime factors of 1247.
29, 43
What are the prime factors of 79567?
251, 317
List the prime factors of 64.
2
List the prime factors of 17049.
3, 5683
List the prime factors of 44874.
2, 3, 277
What are the prime factors of 9816?
2, 3, 409
What are the prime factors of 129426?
2, 3, 11, 37, 53
What are the prime factors of 24570?
2, 3, 5, 7, 13
List the prime factors of 6495.
3, 5, 433
List the prime factors of 260.
2, 5, 13
What are the prime factors of 53976?
2, 3, 13, 173
What are the prime factors of 42356?
2, 10589
What are the prime factors of 987?
3, 7, 47
List the prime factors of 1311.
3, 19, 23
What are the prime factors of 13902?
2, 3,